{"id":624,"date":"2025-07-15T10:01:20","date_gmt":"2025-07-15T10:01:20","guid":{"rendered":"http:\/\/localhost\/project_farm_spices\/?page_id=624"},"modified":"2025-07-31T10:02:22","modified_gmt":"2025-07-31T10:02:22","slug":"chinh-sach-mua-hang","status":"publish","type":"page","link":"https:\/\/ktech7.k-tech-services.com\/info574\/chinh-sach-mua-hang\/","title":{"rendered":"Ch\u00ednh s\u00e1ch mua h\u00e0ng"},"content":{"rendered":"  <div id=\"page-header-764654156\" class=\"page-header-wrapper\">\n  <div class=\"page-title dark featured-title\">\n\n        <div class=\"page-title-bg\">\n      <div class=\"title-bg fill bg-fill\"\n        data-parallax-container=\".page-title\"\n        data-parallax-background\n        data-parallax=\"-\">\n      <\/div>\n      <div class=\"title-overlay fill\"><\/div>\n    <\/div>\n    \n    <div class=\"page-title-inner container align-center text-center flex-row-col medium-flex-wrap\" >\n              <div class=\"title-wrapper flex-col\">\n          <h1 class=\"entry-title mb-0\">\n            Ch\u00ednh S\u00e1ch Mua H\u00e0ng          <\/h1>\n        <\/div>\n                    <div class=\"title-content flex-col\">\n        <div class=\"title-breadcrumbs pb-half pt-half\"><nav class=\"woocommerce-breadcrumb breadcrumbs uppercase\">Trang ch\u1ee7<\/nav><\/div>      <\/div>\n    <\/div>\n\n     \n<style>\n#page-header-764654156 .page-title-inner {\n  min-height: 157px;\n}\n#page-header-764654156 .title-bg {\n  background-image: url(https:\/\/ktech7.k-tech-services.com\/info574\/wp-content\/uploads\/2025\/07\/bg_banner-1.webp);\n}\n<\/style>\n  <\/div>\n    <\/div>\n  \n\n\t<section class=\"section\" id=\"section_880602928\">\n\t\t<div class=\"section-bg fill\" >\n\t\t\t\t\t\t\t\t\t\n\t\t\t\n\n\t\t<\/div>\n\n\t\t\n\n\t\t<div class=\"section-content relative\">\n\t\t\t\n\t<div id=\"text-1824316272\" class=\"text title-text\">\n\t\t\n<h3 class=\"uppercase\">ch\u00ednh s\u00e1ch mua h\u00e0ng<\/h3>\n\t\t\n<style>\n#text-1824316272 {\n  text-align: center;\n  color: rgb(96, 151, 138);\n}\n#text-1824316272 > * {\n  color: rgb(96, 151, 138);\n}\n<\/style>\n\t<\/div>\n\t\n<div class=\"row\"  id=\"row-2023875028\">\n\n\t<div id=\"col-1881396400\" class=\"col medium-9 small-12 large-9\"  >\n\t\t\t\t<div class=\"col-inner box-shadow-2\"  >\n\t\t\t\n\t\t\t\n\t<div id=\"text-2950784070\" class=\"text\">\n\t\t\n<h3 class=\"thin-font\"><strong>1. Gi\u1edbi thi\u1ec7u<\/strong><\/h3>\n<p>Ch\u00e0o m\u1eebng Qu\u00fd Kh\u00e1ch H\u00e0ng \u0111\u1ebfn v\u1edbi \u00a0c\u1ee7a C\u00f4ng ty TNHH XNK Viet Farm Global. Khi Qu\u00fd Kh\u00e1ch H\u00e0ng truy c\u1eadp v\u00e0o trang website c\u1ee7a ch\u00fang t\u00f4i c\u00f3 ngh\u0129a l\u00e0 Qu\u00fd Kh\u00e1ch H\u00e0ng \u0111\u1ed3ng \u00fd v\u1edbi c\u00e1c \u0111i\u1ec1u kho\u1ea3n n\u00e0y. Trang web c\u00f3 quy\u1ec1n thay \u0111\u1ed5i, ch\u1ec9nh s\u1eeda, th\u00eam ho\u1eb7c l\u01b0\u1ee3c b\u1ecf b\u1ea5t k\u1ef3 ph\u1ea7n n\u00e0o trong \u0110i\u1ec1u kho\u1ea3n d\u1ecbch v\u1ee5 n\u00e0y, v\u00e0o b\u1ea5t c\u1ee9 l\u00fac n\u00e0o. C\u00e1c thay \u0111\u1ed5i c\u00f3 hi\u1ec7u l\u1ef1c ngay khi \u0111\u01b0\u1ee3c \u0111\u0103ng tr\u00ean trang web m\u00e0 kh\u00f4ng c\u1ea7n th\u00f4ng b\u00e1o tr\u01b0\u1edbc. V\u00e0 khi Qu\u00fd Kh\u00e1ch H\u00e0ng ti\u1ebfp t\u1ee5c s\u1eed d\u1ee5ng trang web, sau khi c\u00e1c thay \u0111\u1ed5i v\u1ec1 \u0110i\u1ec1u kho\u1ea3n n\u00e0y \u0111\u01b0\u1ee3c \u0111\u0103ng t\u1ea3i, c\u00f3 ngh\u0129a l\u00e0 qu\u00fd kh\u00e1ch ch\u1ea5p nh\u1eadn v\u1edbi nh\u1eefng thay \u0111\u1ed5i \u0111\u00f3. Qu\u00fd Kh\u00e1ch H\u00e0ng vui l\u00f2ng ki\u1ec3m tra th\u01b0\u1eddng xuy\u00ean \u0111\u1ec3 c\u1eadp nh\u1eadt nh\u1eefng thay \u0111\u1ed5i c\u1ee7a ch\u00fang t\u00f4i. Website \u00a0l\u00e0 k\u00eanh gi\u1edbi thi\u1ec7u s\u1ea3n ph\u1ea9m, v\u00e0 cung c\u1ea5p d\u1ecbch v\u1ee5 b\u00e1n h\u00e0ng, gi\u1ea3i \u0111\u00e1p kh\u00e1ch h\u00e0ng tr\u1ef1c tuy\u1ebfn ch\u00ednh th\u1ee9c c\u1ee7a C\u00f4ng ty TNHH XNK Viet Farm Global.<\/p>\n<h3 class=\"thin-font\"><strong>2. H\u01b0\u1edbng d\u1eabn s\u1eed d\u1ee5ng website v\u00e0 mua h\u00e0ng<\/strong><\/h3>\n<p>C\u00f4ng ty TNHH XNK Viet Farm Global l\u00e0 ch\u1ee7 s\u1edf h\u1eefu h\u1ee3p ph\u00e1p website. Qu\u00fd kh\u00e1ch c\u00f3 th\u1ec3 d\u1ec5 d\u00e0ng mua h\u00e0ng, \u0111\u1eb7t h\u00e0ng t\u1ea1i website \u00a0c\u1ee7a ch\u00fang t\u00f4i ho\u1eb7c qua gian h\u00e0ng TM\u0110T ch\u00ednh th\u1ee9c c\u1ee7a c\u00f4ng ty: <strong>SHOPEE: <\/strong>\u00a0<strong>LAZADA: <\/strong>\u00a0\u0110\u1ed1i v\u1edbi nh\u1eefng \u0111\u01a1n h\u00e0ng s\u1ed1 l\u01b0\u1ee3ng l\u1edbn, kh\u00e1ch s\u1ec9, \u0111\u1ed1i t\u00e1c \u0111\u1ea1i l\u00fd h\u00e3y li\u00ean h\u1ec7 Hotline <strong>0937.334.411\/ 0984.631.799 <\/strong>\u00a0<strong>\u00a0<\/strong>c\u1ee7a c\u00f4ng ty \u0111\u1ec3 \u0111\u01b0\u1ee3c h\u1ed7 tr\u1ee3 t\u1ed1t nh\u1ea5t<\/p>\n<h3 class=\"thin-font\"><strong>3. Li\u00ean h\u1ec7 t\u01b0 v\u1ea5n:<\/strong><\/h3>\n<p>\u0110\u1ec3 nh\u1eadn t\u01b0 v\u1ea5n tr\u1ef1c ti\u1ebfp v\u1ec1 th\u00f4ng tin s\u1ea3n ph\u1ea9m, ch\u00ednh s\u00e1ch v\u00e0 c\u00e1c th\u00f4ng tin kh\u00e1c, Qu\u00fd Kh\u00e1ch H\u00e0ng vui l\u00f2ng \u0111\u1ec3 l\u1ea1i l\u1eddi nh\u1eafn t\u1ea1i \u00f4 chat g\u00f3c d\u01b0\u1edbi b\u00ean ph\u1ea3i c\u1ee7a trang web n\u00e0y ho\u1eb7c g\u1ecdi tr\u1ef1c ti\u1ebfp, g\u1eedi tin nh\u1eafn Zalo, Whatsapp, Viber s\u1ed1 \u0111i\u1ec7n tho\u1ea1i: \u00a0<strong>0937.334.411<\/strong><strong>\/ 0984.631.799 <\/strong>\u00a0&#8211; C\u00e1c \u0110\u1ed1i T\u00e1c\/Kh\u00e1ch H\u00e0ng quan t\u00e2m h\u1ee3p t\u00e1c: Qu\u00fd Kh\u00e1ch H\u00e0ng vui l\u00f2ng \u0111\u1ec3 l\u1ea1i th\u00f4ng tin g\u1ed3m: H\u1ecd t\u00ean &#8211; S\u0110T &#8211; Email &#8211; Khu v\u1ef1c kinh doanh t\u1ea1i \u00f4 chat \u00f4 chat g\u00f3c d\u01b0\u1edbi b\u00ean ph\u1ea3i c\u1ee7a trang web n\u00e0y ho\u1eb7c g\u1ecdi tr\u1ef1c ti\u1ebfp, g\u1eedi tin nh\u1eafn Zalo, Whatsapp, Viber s\u1ed1 \u0111i\u1ec7n tho\u1ea1i: <strong>0937.334.411\/ 0984.631.799\u00a0<\/strong> <strong>.<\/strong><\/p>\n<h3 class=\"thin-font\"><strong>4. H\u01b0\u1edbng d\u1eabn khi\u1ebfu n\u1ea1i, ph\u1ea3n h\u1ed3i v\u1ec1 ch\u1ea5t l\u01b0\u1ee3ng s\u1ea3n ph\u1ea9m<\/strong><\/h3>\n<p>N\u00f4ng s\u1ea3n Viet Farm Global lu\u00f4n s\u1eb5n s\u00e0ng l\u1eafng nghe m\u1ecdi \u00fd ki\u1ebfn t\u1eeb Qu\u00fd Kh\u00e1ch H\u00e0ng \u0111\u1ec3 c\u1ea3i thi\u1ec7n s\u1ea3n ph\u1ea9m m\u1ed7i ng\u00e0y. \u0110\u1ec3 nh\u1eadn \u0111\u01b0\u1ee3c h\u1ed7 tr\u1ee3 nhanh ch\u00f3ng nh\u1ea5t, Q\u00fay Kh\u00e1ch H\u00e0ng vui l\u00f2ng: &#8211; Li\u00ean h\u1ec7 \u0111\u1ebfn s\u1ed1 \u0111i\u1ec7n tho\u1ea1i <strong>0937.334.411\/ 0984.631.799\u00a0<\/strong> \u00a0&#8211; Ho\u1eb7c \u0111\u1ec3 l\u1ea1i l\u1eddi nh\u1eafn tr\u1ef1c ti\u1ebfp qua email ho\u1eb7c zalo ho\u1eb7c fanpage c\u1ee7a n\u00f4ng s\u1ea3n Viet Farm Global &#8211; Ho\u1eb7c \u0111\u1ebfn tr\u1ef1c ti\u1ebfp \u0111\u1ecba ch\u1ec9 c\u00f4ng ty.<\/p>\n\t\t\n<style>\n#text-2950784070 {\n  font-size: 1rem;\n}\n<\/style>\n\t<\/div>\n\t\n\t\t<\/div>\n\t\t\t\t\n<style>\n#col-1881396400 > .col-inner {\n  padding: 10px 10px 10px 10px;\n}\n<\/style>\n\t<\/div>\n\n\t\n\n\t<div id=\"col-1649766799\" class=\"col medium-3 small-12 large-3\"  >\n\t\t\t\t<div class=\"col-inner\"  >\n\t\t\t\n\t\t\t\n<ul class=\"sidebar-wrapper ul-reset\"><aside id=\"woocommerce_products-2\" class=\"widget woocommerce widget_products\"><span class=\"widget-title \"><span>S\u1ea3n ph\u1ea9m n\u1ed5i b\u1eadt<\/span><\/span><div class=\"is-divider small\"><\/div><ul class=\"product_list_widget\"><li>\n\t\n\t<a href=\"https:\/\/ktech7.k-tech-services.com\/info574\/san-pham\/than-trang-binchotan\/\">\n\t\t<img loading=\"lazy\" decoding=\"async\" width=\"100\" height=\"100\" src=\"https:\/\/ktech7.k-tech-services.com\/info574\/wp-content\/uploads\/2026\/01\/z7407519033357_71743333ed3b4e474aed0dc634930382-100x100.jpg\" class=\"attachment-woocommerce_gallery_thumbnail size-woocommerce_gallery_thumbnail\" alt=\"Than tr\u1eafng Binchotan\" srcset=\"https:\/\/ktech7.k-tech-services.com\/info574\/wp-content\/uploads\/2026\/01\/z7407519033357_71743333ed3b4e474aed0dc634930382-100x100.jpg 100w, https:\/\/ktech7.k-tech-services.com\/info574\/wp-content\/uploads\/2026\/01\/z7407519033357_71743333ed3b4e474aed0dc634930382-150x150.jpg 150w\" sizes=\"auto, (max-width: 100px) 100vw, 100px\" \/>\t\t<span class=\"product-title\">Than tr\u1eafng Binchotan<\/span>\n\t<\/a>\n\n\t\t\t\t\n\t\n\t<\/li>\n<\/ul><\/aside><\/ul>\n\t\t<\/div>\n\t\t\t\t\t<\/div>\n\n\t\n<\/div>\n\t\t<\/div>\n\n\t\t\n<style>\n#section_880602928 {\n  padding-top: 30px;\n  padding-bottom: 30px;\n}\n<\/style>\n\t<\/section>\n\t\n","protected":false},"excerpt":{"rendered":"","protected":false},"author":1,"featured_media":0,"parent":0,"menu_order":0,"comment_status":"closed","ping_status":"closed","template":"page-blank.php","meta":{"_acf_changed":false,"footnotes":""},"class_list":["post-624","page","type-page","status-publish","hentry"],"acf":[],"_links":{"self":[{"href":"https:\/\/ktech7.k-tech-services.com\/info574\/wp-json\/wp\/v2\/pages\/624","targetHints":{"allow":["GET"]}}],"collection":[{"href":"https:\/\/ktech7.k-tech-services.com\/info574\/wp-json\/wp\/v2\/pages"}],"about":[{"href":"https:\/\/ktech7.k-tech-services.com\/info574\/wp-json\/wp\/v2\/types\/page"}],"author":[{"embeddable":true,"href":"https:\/\/ktech7.k-tech-services.com\/info574\/wp-json\/wp\/v2\/users\/1"}],"replies":[{"embeddable":true,"href":"https:\/\/ktech7.k-tech-services.com\/info574\/wp-json\/wp\/v2\/comments?post=624"}],"version-history":[{"count":20,"href":"https:\/\/ktech7.k-tech-services.com\/info574\/wp-json\/wp\/v2\/pages\/624\/revisions"}],"predecessor-version":[{"id":1172,"href":"https:\/\/ktech7.k-tech-services.com\/info574\/wp-json\/wp\/v2\/pages\/624\/revisions\/1172"}],"wp:attachment":[{"href":"https:\/\/ktech7.k-tech-services.com\/info574\/wp-json\/wp\/v2\/media?parent=624"}],"curies":[{"name":"wp","href":"https:\/\/api.w.org\/{rel}","templated":true}]}}