{"id":110,"date":"2025-07-12T06:42:01","date_gmt":"2025-07-12T06:42:01","guid":{"rendered":"http:\/\/localhost\/project_farm_spices\/?page_id=110"},"modified":"2026-01-13T03:27:00","modified_gmt":"2026-01-13T03:27:00","slug":"lien-he","status":"publish","type":"page","link":"https:\/\/ktech7.k-tech-services.com\/info574\/lien-he\/","title":{"rendered":"Li\u00ean h\u1ec7"},"content":{"rendered":"\n\t<section class=\"section\" id=\"section_2032602616\">\n\t\t<div class=\"section-bg fill\" >\n\t\t\t<img loading=\"lazy\" decoding=\"async\" width=\"1280\" height=\"852\" src=\"https:\/\/ktech7.k-tech-services.com\/info574\/wp-content\/uploads\/2025\/07\/bg_contact_nen.jpg\" class=\"bg attachment-original size-original\" alt=\"\" \/>\t\t\t\t\t\t\n\t\t\t\n\n\t\t<\/div>\n\n\t\t\n\n\t\t<div class=\"section-content relative\">\n\t\t\t\n<div class=\"row row-full-width align-center\"  id=\"row-1251649174\">\n\n\t<div id=\"col-1990925788\" class=\"col medium-10 small-12 large-10\"  >\n\t\t\t\t<div class=\"col-inner text-center\"  >\n\t\t\t\n\t\t\t\n\t<div id=\"text-2738765532\" class=\"text\">\n\t\t\n<p>\u00a0<\/p>\n<h2>NI\u1ec0M TIN TI\u00caU VI\u1ec6T<\/h2>\n<p>Ch\u00fang t\u00f4i cam k\u1ebft cung c\u1ea5p s\u1ea3n ph\u1ea9m gia v\u1ecb Vi\u1ec7t thu\u1ea7n khi\u1ebft nh\u1ea5t!<\/p>\n\t\t\n<style>\n#text-2738765532 {\n  font-size: 1.75rem;\n  line-height: 3;\n  text-align: center;\n  color: rgb(255, 255, 255);\n}\n#text-2738765532 > * {\n  color: rgb(255, 255, 255);\n}\n<\/style>\n\t<\/div>\n\t\n\t\t<\/div>\n\t\t\t\t\t<\/div>\n\n\t\n<\/div>\n\t\t<\/div>\n\n\t\t\n<style>\n#section_2032602616 {\n  padding-top: 60px;\n  padding-bottom: 60px;\n  min-height: 1000px;\n  background-color: rgb(245, 245, 245);\n}\n<\/style>\n\t<\/section>\n\t\n\n\t<section class=\"section sec_contact\" id=\"section_1432275208\">\n\t\t<div class=\"section-bg fill\" >\n\t\t\t\t\t\t\t\t\t\n\t\t\t\n\n\t\t<\/div>\n\n\t\t\n\n\t\t<div class=\"section-content relative\">\n\t\t\t\n\t<div id=\"text-1456759034\" class=\"text box_title\">\n\t\t\n<h3 class=\"uppercase\">Li\u00ean h\u1ec7 v\u1edbi ch\u00fang t\u00f4i n\u1ebfu c\u00f3 b\u1ea5t k\u1ef3 c\u00e2u h\u1ecfi n\u00e0o<\/h3>\n\t\t\n<style>\n#text-1456759034 {\n  text-align: center;\n  color: #4c2160;\n}\n#text-1456759034 > * {\n  color: #4c2160;\n}\n<\/style>\n\t<\/div>\n\t\n<div class=\"row row-collapse align-center\"  id=\"row-2060899894\">\n\n\t<div id=\"col-1882517215\" class=\"col medium-4 large-4\"  >\n\t\t\t\t<div class=\"col-inner\"  >\n\t\t\t\n\t\t\t\n<div class=\"container section-title-container\" ><h3 class=\"section-title section-title-normal\"><b><\/b><span class=\"section-title-main\" >C\u01a1 s\u1edf 1<\/span><b><\/b><\/h3><\/div>\n\n\t\t<div class=\"icon-box featured-box icon-box-left text-left\"  style=\"margin:0px 0px 30px 0px;\">\n\t\t\t\t\t<div class=\"icon-box-img\" style=\"width: 52px\">\n\t\t\t\t<div class=\"icon\">\n\t\t\t\t\t<div class=\"icon-inner\" >\n\t\t\t\t\t\t<img loading=\"lazy\" decoding=\"async\" width=\"300\" height=\"300\" src=\"https:\/\/ktech7.k-tech-services.com\/info574\/wp-content\/uploads\/2025\/07\/store.png\" class=\"attachment-medium size-medium\" alt=\"\" srcset=\"https:\/\/ktech7.k-tech-services.com\/info574\/wp-content\/uploads\/2025\/07\/store.png 512w, https:\/\/ktech7.k-tech-services.com\/info574\/wp-content\/uploads\/2025\/07\/store-247x247.png 247w, https:\/\/ktech7.k-tech-services.com\/info574\/wp-content\/uploads\/2025\/07\/store-100x100.png 100w, https:\/\/ktech7.k-tech-services.com\/info574\/wp-content\/uploads\/2025\/07\/store-505x505.png 505w\" sizes=\"auto, (max-width: 300px) 100vw, 300px\" \/>\t\t\t\t\t<\/div>\n\t\t\t\t<\/div>\n\t\t\t<\/div>\n\t\t\t\t<div class=\"icon-box-text last-reset\">\n\t\t\t\t\t\t\t\t\t\n<h3>\u0110\u1ecba ch\u1ec9<\/h3>\n<p>55 Qu\u00e1ch Giai, Ph\u01b0\u1eddng C\u00e1t L\u00e1i, Th\u00e0nh ph\u1ed1 H\u1ed3 Ch\u00ed Minh.<\/p>\n\t\t<\/div>\n\t<\/div>\n\t\n\t\n\n\t\t<div class=\"icon-box featured-box icon-box-left text-left\"  style=\"margin:0px 0px 30px 0px;\">\n\t\t\t\t\t<div class=\"icon-box-img\" style=\"width: 52px\">\n\t\t\t\t<div class=\"icon\">\n\t\t\t\t\t<div class=\"icon-inner\" style=\"color:rgb(0, 0, 0);\">\n\t\t\t\t\t\t<img loading=\"lazy\" decoding=\"async\" width=\"300\" height=\"300\" src=\"https:\/\/ktech7.k-tech-services.com\/info574\/wp-content\/uploads\/2025\/07\/email.png\" class=\"attachment-medium size-medium\" alt=\"\" srcset=\"https:\/\/ktech7.k-tech-services.com\/info574\/wp-content\/uploads\/2025\/07\/email.png 512w, https:\/\/ktech7.k-tech-services.com\/info574\/wp-content\/uploads\/2025\/07\/email-247x247.png 247w, https:\/\/ktech7.k-tech-services.com\/info574\/wp-content\/uploads\/2025\/07\/email-100x100.png 100w, https:\/\/ktech7.k-tech-services.com\/info574\/wp-content\/uploads\/2025\/07\/email-505x505.png 505w\" sizes=\"auto, (max-width: 300px) 100vw, 300px\" \/>\t\t\t\t\t<\/div>\n\t\t\t\t<\/div>\n\t\t\t<\/div>\n\t\t\t\t<div class=\"icon-box-text last-reset\">\n\t\t\t\t\t\t\t\t\t\n<h3>Email<\/h3>\n<p>hoaphuoc1803@gmail.com<\/p>\n\t\t<\/div>\n\t<\/div>\n\t\n\t\n\n\t\t<div class=\"icon-box featured-box icon-box-left text-left\"  style=\"margin:0px 0px 30px 0px;\">\n\t\t\t\t\t<div class=\"icon-box-img\" style=\"width: 52px\">\n\t\t\t\t<div class=\"icon\">\n\t\t\t\t\t<div class=\"icon-inner\" style=\"color:rgb(0, 0, 0);\">\n\t\t\t\t\t\t<img loading=\"lazy\" decoding=\"async\" width=\"300\" height=\"300\" src=\"https:\/\/ktech7.k-tech-services.com\/info574\/wp-content\/uploads\/2025\/07\/telephone.png\" class=\"attachment-medium size-medium\" alt=\"\" srcset=\"https:\/\/ktech7.k-tech-services.com\/info574\/wp-content\/uploads\/2025\/07\/telephone.png 512w, https:\/\/ktech7.k-tech-services.com\/info574\/wp-content\/uploads\/2025\/07\/telephone-247x247.png 247w, https:\/\/ktech7.k-tech-services.com\/info574\/wp-content\/uploads\/2025\/07\/telephone-100x100.png 100w, https:\/\/ktech7.k-tech-services.com\/info574\/wp-content\/uploads\/2025\/07\/telephone-505x505.png 505w\" sizes=\"auto, (max-width: 300px) 100vw, 300px\" \/>\t\t\t\t\t<\/div>\n\t\t\t\t<\/div>\n\t\t\t<\/div>\n\t\t\t\t<div class=\"icon-box-text last-reset\">\n\t\t\t\t\t\t\t\t\t\n<h3>Hotline<\/h3>\n<p>0937.334.411<\/p>\n\t\t<\/div>\n\t<\/div>\n\t\n\t\n\t\t<\/div>\n\t\t\t\t\n<style>\n#col-1882517215 > .col-inner {\n  padding: 5px 20px 5px 20px;\n  margin: 30px 0px 0px 30px;\n}\n<\/style>\n\t<\/div>\n\n\t\n\n\t<div id=\"col-1488394700\" class=\"col medium-4 large-4\"  >\n\t\t\t\t<div class=\"col-inner\"  >\n\t\t\t\n\t\t\t\n<div class=\"container section-title-container\" ><h3 class=\"section-title section-title-normal\"><b><\/b><span class=\"section-title-main\" >c\u01a1 s\u1edf 2<\/span><b><\/b><\/h3><\/div>\n\n\t\t<div class=\"icon-box featured-box icon-box-left text-left\"  style=\"margin:0px 0px 30px 0px;\">\n\t\t\t\t\t<div class=\"icon-box-img\" style=\"width: 52px\">\n\t\t\t\t<div class=\"icon\">\n\t\t\t\t\t<div class=\"icon-inner\" >\n\t\t\t\t\t\t<img loading=\"lazy\" decoding=\"async\" width=\"300\" height=\"300\" src=\"https:\/\/ktech7.k-tech-services.com\/info574\/wp-content\/uploads\/2025\/07\/store.png\" class=\"attachment-medium size-medium\" alt=\"\" srcset=\"https:\/\/ktech7.k-tech-services.com\/info574\/wp-content\/uploads\/2025\/07\/store.png 512w, https:\/\/ktech7.k-tech-services.com\/info574\/wp-content\/uploads\/2025\/07\/store-247x247.png 247w, https:\/\/ktech7.k-tech-services.com\/info574\/wp-content\/uploads\/2025\/07\/store-100x100.png 100w, https:\/\/ktech7.k-tech-services.com\/info574\/wp-content\/uploads\/2025\/07\/store-505x505.png 505w\" sizes=\"auto, (max-width: 300px) 100vw, 300px\" \/>\t\t\t\t\t<\/div>\n\t\t\t\t<\/div>\n\t\t\t<\/div>\n\t\t\t\t<div class=\"icon-box-text last-reset\">\n\t\t\t\t\t\t\t\t\t\n<h3>\u0110\u1ecba ch\u1ec9<\/h3>\n<p>Th\u00e1c Hoa 2, V\u0103n Ch\u1ea5n, Th\u00e0nh ph\u1ed1 L\u00e0o Cai.<\/p>\n\t\t<\/div>\n\t<\/div>\n\t\n\t\n\n\t\t<div class=\"icon-box featured-box icon-box-left text-left\"  style=\"margin:0px 0px 30px 0px;\">\n\t\t\t\t\t<div class=\"icon-box-img\" style=\"width: 52px\">\n\t\t\t\t<div class=\"icon\">\n\t\t\t\t\t<div class=\"icon-inner\" style=\"color:rgb(0, 0, 0);\">\n\t\t\t\t\t\t<img loading=\"lazy\" decoding=\"async\" width=\"300\" height=\"300\" src=\"https:\/\/ktech7.k-tech-services.com\/info574\/wp-content\/uploads\/2025\/07\/email.png\" class=\"attachment-medium size-medium\" alt=\"\" srcset=\"https:\/\/ktech7.k-tech-services.com\/info574\/wp-content\/uploads\/2025\/07\/email.png 512w, https:\/\/ktech7.k-tech-services.com\/info574\/wp-content\/uploads\/2025\/07\/email-247x247.png 247w, https:\/\/ktech7.k-tech-services.com\/info574\/wp-content\/uploads\/2025\/07\/email-100x100.png 100w, https:\/\/ktech7.k-tech-services.com\/info574\/wp-content\/uploads\/2025\/07\/email-505x505.png 505w\" sizes=\"auto, (max-width: 300px) 100vw, 300px\" \/>\t\t\t\t\t<\/div>\n\t\t\t\t<\/div>\n\t\t\t<\/div>\n\t\t\t\t<div class=\"icon-box-text last-reset\">\n\t\t\t\t\t\t\t\t\t\n<h3>Email<\/h3>\n<p>duchoa.jb@gmail.com<\/p>\n\t\t<\/div>\n\t<\/div>\n\t\n\t\n\n\t\t<div class=\"icon-box featured-box icon-box-left text-left\"  style=\"margin:0px 0px 30px 0px;\">\n\t\t\t\t\t<div class=\"icon-box-img\" style=\"width: 52px\">\n\t\t\t\t<div class=\"icon\">\n\t\t\t\t\t<div class=\"icon-inner\" style=\"color:rgb(0, 0, 0);\">\n\t\t\t\t\t\t<img loading=\"lazy\" decoding=\"async\" width=\"300\" height=\"300\" src=\"https:\/\/ktech7.k-tech-services.com\/info574\/wp-content\/uploads\/2025\/07\/telephone.png\" class=\"attachment-medium size-medium\" alt=\"\" srcset=\"https:\/\/ktech7.k-tech-services.com\/info574\/wp-content\/uploads\/2025\/07\/telephone.png 512w, https:\/\/ktech7.k-tech-services.com\/info574\/wp-content\/uploads\/2025\/07\/telephone-247x247.png 247w, https:\/\/ktech7.k-tech-services.com\/info574\/wp-content\/uploads\/2025\/07\/telephone-100x100.png 100w, https:\/\/ktech7.k-tech-services.com\/info574\/wp-content\/uploads\/2025\/07\/telephone-505x505.png 505w\" sizes=\"auto, (max-width: 300px) 100vw, 300px\" \/>\t\t\t\t\t<\/div>\n\t\t\t\t<\/div>\n\t\t\t<\/div>\n\t\t\t\t<div class=\"icon-box-text last-reset\">\n\t\t\t\t\t\t\t\t\t\n<h3>Hotline<\/h3>\n<p>0984.631.799<\/p>\n\t\t<\/div>\n\t<\/div>\n\t\n\t\n\t\t<\/div>\n\t\t\t\t\n<style>\n#col-1488394700 > .col-inner {\n  padding: 5px 20px 5px 20px;\n  margin: 30px 0px 0px 30px;\n}\n<\/style>\n\t<\/div>\n\n\t\n\n\t<div id=\"col-1224129992\" class=\"col medium-3 large-3\"  >\n\t\t\t\t<div class=\"col-inner\"  >\n\t\t\t\n\t\t\t\n\n<div class=\"wpcf7 no-js\" id=\"wpcf7-f731-o1\" lang=\"vi\" dir=\"ltr\" data-wpcf7-id=\"731\">\n<div class=\"screen-reader-response\"><p role=\"status\" aria-live=\"polite\" aria-atomic=\"true\"><\/p> <ul><\/ul><\/div>\n<form action=\"\/info574\/wp-json\/wp\/v2\/pages\/110#wpcf7-f731-o1\" method=\"post\" class=\"wpcf7-form init\" aria-label=\"Form li\u00ean h\u1ec7\" novalidate=\"novalidate\" data-status=\"init\">\n<fieldset class=\"hidden-fields-container\"><input type=\"hidden\" name=\"_wpcf7\" value=\"731\" \/><input type=\"hidden\" name=\"_wpcf7_version\" value=\"6.1.5\" \/><input type=\"hidden\" name=\"_wpcf7_locale\" value=\"vi\" \/><input type=\"hidden\" name=\"_wpcf7_unit_tag\" value=\"wpcf7-f731-o1\" \/><input type=\"hidden\" name=\"_wpcf7_container_post\" value=\"0\" \/><input type=\"hidden\" name=\"_wpcf7_posted_data_hash\" value=\"\" \/>\n<\/fieldset>\n<p><span class=\"wpcf7-form-control-wrap\" data-name=\"your-name\"><input size=\"40\" maxlength=\"400\" class=\"wpcf7-form-control wpcf7-text wpcf7-validates-as-required\" autocomplete=\"name\" aria-required=\"true\" aria-invalid=\"false\" placeholder=\"H\u1ecd t\u00ean c\u1ee7a b\u1ea1n\" value=\"\" type=\"text\" name=\"your-name\" \/><\/span><br \/>\n<span class=\"wpcf7-form-control-wrap\" data-name=\"your-tele\"><input size=\"40\" maxlength=\"400\" class=\"wpcf7-form-control wpcf7-tel wpcf7-validates-as-required wpcf7-text wpcf7-validates-as-tel\" autocomplete=\"tel\" aria-required=\"true\" aria-invalid=\"false\" placeholder=\"S\u1ed1 \u0111i\u1ec7n tho\u1ea1i\" value=\"\" type=\"tel\" name=\"your-tele\" \/><\/span><br \/>\n<span class=\"wpcf7-form-control-wrap\" data-name=\"your-email\"><input size=\"40\" maxlength=\"400\" class=\"wpcf7-form-control wpcf7-email wpcf7-validates-as-required wpcf7-text wpcf7-validates-as-email\" autocomplete=\"email\" aria-required=\"true\" aria-invalid=\"false\" placeholder=\"Email c\u1ee7a b\u1ea1n\" value=\"\" type=\"email\" name=\"your-email\" \/><\/span><br \/>\n<span class=\"wpcf7-form-control-wrap\" data-name=\"your-text\"><textarea cols=\"40\" rows=\"10\" maxlength=\"2000\" class=\"wpcf7-form-control wpcf7-textarea\" aria-invalid=\"false\" placeholder=\"N\u1ed9i dung ...\" name=\"your-text\"><\/textarea><\/span><br \/>\n<input class=\"wpcf7-form-control wpcf7-submit has-spinner btn_send\" type=\"submit\" value=\"&gt;&gt; G\u1eedi y\u00eau c\u1ea7u\" \/>\n<\/p><div class=\"wpcf7-response-output\" aria-hidden=\"true\"><\/div>\n<\/form>\n<\/div>\n\n\t\t<\/div>\n\t\t\t\t\n<style>\n#col-1224129992 > .col-inner {\n  padding: 5px 10px 5px 10px;\n  margin: 20px 0px 0px 0px;\n}\n<\/style>\n\t<\/div>\n\n\t\n<\/div>\n\t\t<\/div>\n\n\t\t\n<style>\n#section_1432275208 {\n  padding-top: 30px;\n  padding-bottom: 30px;\n}\n<\/style>\n\t<\/section>\n\t\n\n\t<section class=\"section\" id=\"section_1958102494\">\n\t\t<div class=\"section-bg fill\" >\n\t\t\t\t\t\t\t\t\t\n\t\t\t\n\n\t\t<\/div>\n\n\t\t\n\n\t\t<div class=\"section-content relative\">\n\t\t\t\n<div class=\"row row-collapse row-full-width\"  id=\"row-191465029\">\n\n\t<div id=\"col-2032830001\" class=\"col small-12 large-12\"  >\n\t\t\t\t<div class=\"col-inner\"  >\n\t\t\t\n\t\t\t\n\n<div style=\"width: 100%; height: 60vh; margin: 0; padding: 10;\">\n<iframe src=\"https:\/\/www.google.com\/maps\/embed?pb=!1m18!1m12!1m3!1d3919.643273627729!2d106.7561371748046!3d10.76195168938595!2m3!1f0!2f0!3f0!3m2!1i1024!2i768!4f13.1!3m3!1m2!1s0x317525c29acb1747%3A0x47b92b06e6309a87!2zNTUgxJDGsOG7nW5nIFF1w6FjaCBHaWFpLCBQaMaw4budbmcgVGjhuqFuaCBN4bu5IEzhu6NpLCBUaOG7pyDEkOG7qWMsIEjhu5MgQ2jDrSBNaW5oLCBWaWV0bmFt!5e0!3m2!1sen!2s!4v1753323737766!5m2!1sen!2s\" width=\"100%\" height=\"100%\" style=\"border:0;\" allowfullscreen=\"\" loading=\"lazy\" referrerpolicy=\"no-referrer-when-downgrade\"><\/iframe>\n<\/div>\n\n\t\t<\/div>\n\t\t\t\t\t<\/div>\n\n\t\n<\/div>\n\t\t<\/div>\n\n\t\t\n<style>\n#section_1958102494 {\n  padding-top: 5px;\n  padding-bottom: 5px;\n}\n<\/style>\n\t<\/section>\n\t\n","protected":false},"excerpt":{"rendered":"","protected":false},"author":1,"featured_media":0,"parent":0,"menu_order":0,"comment_status":"closed","ping_status":"closed","template":"page-blank.php","meta":{"_acf_changed":false,"footnotes":""},"class_list":["post-110","page","type-page","status-publish","hentry"],"acf":[],"_links":{"self":[{"href":"https:\/\/ktech7.k-tech-services.com\/info574\/wp-json\/wp\/v2\/pages\/110","targetHints":{"allow":["GET"]}}],"collection":[{"href":"https:\/\/ktech7.k-tech-services.com\/info574\/wp-json\/wp\/v2\/pages"}],"about":[{"href":"https:\/\/ktech7.k-tech-services.com\/info574\/wp-json\/wp\/v2\/types\/page"}],"author":[{"embeddable":true,"href":"https:\/\/ktech7.k-tech-services.com\/info574\/wp-json\/wp\/v2\/users\/1"}],"replies":[{"embeddable":true,"href":"https:\/\/ktech7.k-tech-services.com\/info574\/wp-json\/wp\/v2\/comments?post=110"}],"version-history":[{"count":41,"href":"https:\/\/ktech7.k-tech-services.com\/info574\/wp-json\/wp\/v2\/pages\/110\/revisions"}],"predecessor-version":[{"id":1289,"href":"https:\/\/ktech7.k-tech-services.com\/info574\/wp-json\/wp\/v2\/pages\/110\/revisions\/1289"}],"wp:attachment":[{"href":"https:\/\/ktech7.k-tech-services.com\/info574\/wp-json\/wp\/v2\/media?parent=110"}],"curies":[{"name":"wp","href":"https:\/\/api.w.org\/{rel}","templated":true}]}}