{"id":492,"date":"2026-03-25T04:26:03","date_gmt":"2026-03-25T04:26:03","guid":{"rendered":"https:\/\/ktech7.k-tech-services.com\/info568\/product\/man-hinh-dell-p2425h-23-8-inch-ips-fhd-100hz-5ms\/"},"modified":"2026-03-25T04:26:03","modified_gmt":"2026-03-25T04:26:03","slug":"man-hinh-dell-p2425h-23-8-inch-ips-fhd-100hz-5ms","status":"publish","type":"product","link":"https:\/\/ktech7.k-tech-services.com\/info568\/product\/man-hinh-dell-p2425h-23-8-inch-ips-fhd-100hz-5ms\/","title":{"rendered":"M\u00e0n H\u00ecnh Dell P2425H (23.8 inch &#8211; IPS &#8211; FHD &#8211; 100Hz &#8211; 5ms)"},"content":{"rendered":"<p>Ki\u1ec3u d\u00e1ng m\u00e0n h\u00ecnh: Ph\u1eb3ng<br \/>\nT\u1ec9 l\u1ec7 khung h\u00ecnh: 16:9<br \/>\nK\u00edch th\u01b0\u1edbc m\u1eb7c \u0111\u1ecbnh: 23.8 inch<br \/>\nC\u00f4ng ngh\u1ec7 t\u1ea5m n\u1ec1n: IPS<br \/>\nPh\u00e2n gi\u1ea3i \u0111i\u1ec3m \u1ea3nh: FHD &#8211; 1920 x 1080<br \/>\n\u0110\u1ed9 s\u00e1ng hi\u1ec3n th\u1ecb: 250 cd\/m2 (typical)<br \/>\nT\u1ea7n s\u1ed1 qu\u00e9t m\u00e0n: 100 Hz (Hertz)<br \/>\nTh\u1eddi gian \u0111\u00e1p \u1ee9ng: 5ms gray-to-gray (Fast mode), 8ms gray-to-gray (Normal mode)<br \/>\nCh\u1ec9 s\u1ed1 m\u00e0u s\u1eafc: Up to 16.7 million colors, 99% sRGB<br \/>\nH\u1ed7 tr\u1ee3 ti\u00eau chu\u1ea9n: VESA (100 mm x 100 mm), Ficker Free, T\u00dcV Eye Comfort, ch\u00e2n h\u1ed7 tr\u1ee3 n\u00e2ng h\u1ea1 xoay d\u1ecdc m\u00e0n<br \/>\nC\u1ed5ng c\u1eafm k\u1ebft n\u1ed1i: 1x HDMI 1.4 (HDCP 1.4) (Supports up to FHD 1920 x 1080 100Hz TMDS as per specified in HDMI 1.4), 1x DP 1.2 (HDCP 1.4), 1x VGA, 1x USB 3.2 Gen1 Type-B upstream, 3x USB 3.2 Gen1 Type-A downstream, 1x USB 3.2 Gen1 Type-C downstream with up to 15W PD (data only)<br \/>\nPh\u1ee5 ki\u1ec7n trong h\u1ed9p: D\u00e2y ngu\u1ed3n, c\u00e1p DP-to-DP , c\u00e1p USB 3.2 Gen1 Type A-to-B (upstream)<\/p>\n","protected":false},"excerpt":{"rendered":"<p>Ki\u1ec3u d\u00e1ng m\u00e0n h\u00ecnh: Ph\u1eb3ng T\u1ec9 l\u1ec7 khung h\u00ecnh: 16:9 K\u00edch th\u01b0\u1edbc m\u1eb7c \u0111\u1ecbnh: 23.8 inch C\u00f4ng ngh\u1ec7 t\u1ea5m n\u1ec1n: IPS Ph\u00e2n gi\u1ea3i \u0111i\u1ec3m \u1ea3nh: FHD &#8211; 1920 x 1080 \u0110\u1ed9 s\u00e1ng hi\u1ec3n th\u1ecb: 250 cd\/m2 (typical) T\u1ea7n s\u1ed1 qu\u00e9t m\u00e0n: 100 Hz (Hertz) Th\u1eddi gian \u0111\u00e1p \u1ee9ng: 5ms gray-to-gray (Fast mode), 8ms gray-to-gray (Normal [&#8230;]\n","protected":false},"featured_media":0,"comment_status":"open","ping_status":"closed","template":"","meta":{"_acf_changed":false},"product_brand":[],"product_cat":[15],"product_tag":[],"class_list":{"0":"post-492","1":"product","2":"type-product","3":"status-publish","5":"product_cat-laptop","7":"first","8":"outofstock","9":"shipping-taxable","10":"purchasable","11":"product-type-simple"},"acf":[],"_links":{"self":[{"href":"https:\/\/ktech7.k-tech-services.com\/info568\/wp-json\/wp\/v2\/product\/492","targetHints":{"allow":["GET"]}}],"collection":[{"href":"https:\/\/ktech7.k-tech-services.com\/info568\/wp-json\/wp\/v2\/product"}],"about":[{"href":"https:\/\/ktech7.k-tech-services.com\/info568\/wp-json\/wp\/v2\/types\/product"}],"replies":[{"embeddable":true,"href":"https:\/\/ktech7.k-tech-services.com\/info568\/wp-json\/wp\/v2\/comments?post=492"}],"wp:attachment":[{"href":"https:\/\/ktech7.k-tech-services.com\/info568\/wp-json\/wp\/v2\/media?parent=492"}],"wp:term":[{"taxonomy":"product_brand","embeddable":true,"href":"https:\/\/ktech7.k-tech-services.com\/info568\/wp-json\/wp\/v2\/product_brand?post=492"},{"taxonomy":"product_cat","embeddable":true,"href":"https:\/\/ktech7.k-tech-services.com\/info568\/wp-json\/wp\/v2\/product_cat?post=492"},{"taxonomy":"product_tag","embeddable":true,"href":"https:\/\/ktech7.k-tech-services.com\/info568\/wp-json\/wp\/v2\/product_tag?post=492"}],"curies":[{"name":"wp","href":"https:\/\/api.w.org\/{rel}","templated":true}]}}