{"id":481,"date":"2026-03-25T04:25:57","date_gmt":"2026-03-25T04:25:57","guid":{"rendered":"https:\/\/ktech7.k-tech-services.com\/info568\/product\/man-hinh-lg-27mr400-b-27-inch-ips-fhd-100hz-5ms-freesync\/"},"modified":"2026-03-25T04:25:57","modified_gmt":"2026-03-25T04:25:57","slug":"man-hinh-lg-27mr400-b-27-inch-ips-fhd-100hz-5ms-freesync","status":"publish","type":"product","link":"https:\/\/ktech7.k-tech-services.com\/info568\/product\/man-hinh-lg-27mr400-b-27-inch-ips-fhd-100hz-5ms-freesync\/","title":{"rendered":"M\u00e0n H\u00ecnh LG 27MR400-B (27 inch &#8211; IPS &#8211; FHD &#8211; 100Hz &#8211; 5ms &#8211; FreeSync)"},"content":{"rendered":"<p>Ki\u1ec3u d\u00e1ng m\u00e0n h\u00ecnh: Ph\u1eb3ng<br \/>\nT\u1ec9 l\u1ec7 khung h\u00ecnh: 16:9<br \/>\nK\u00edch th\u01b0\u1edbc m\u1eb7c \u0111\u1ecbnh: 27.0 inch<br \/>\nC\u00f4ng ngh\u1ec7 t\u1ea5m n\u1ec1n: IPS<br \/>\nPh\u00e2n gi\u1ea3i \u0111i\u1ec3m \u1ea3nh: FHD &#8211; 1920 x 1080<br \/>\nT\u1ea7n s\u1ed1 qu\u00e9t m\u00e0n: 100 Hz (Hertz)<br \/>\nTh\u1eddi gian \u0111\u00e1p \u1ee9ng: 5ms (GtG at Faster)<br \/>\nCh\u1ec9 s\u1ed1 m\u00e0u s\u1eafc: 16.7 tri\u1ec7u m\u00e0u &#8211; sRGB 99% (CIE1931) &#8211; 8 bits<br \/>\nH\u1ed7 tr\u1ee3 ti\u00eau chu\u1ea9n: VESA (100 mm x 100 mm) &#8211; AMD FreeSync<br \/>\nC\u1ed5ng c\u1eafm k\u1ebft n\u1ed1i: 1x D-Sub, 1x HDMI 1.4, 1&#215;3.5mm Audio Out<br \/>\nPh\u1ee5 ki\u1ec7n trong h\u1ed9p: D\u00e2y ngu\u1ed3n, D\u00e2y HDMI to HDMIKi\u1ec3u d\u00e1ng m\u00e0n h\u00ecnh: Ph\u1eb3ng<br \/>\nT\u1ec9 l\u1ec7 khung h\u00ecnh: 16:9<br \/>\nK\u00edch th\u01b0\u1edbc m\u1eb7c \u0111\u1ecbnh: 27.0 inch<br \/>\nC\u00f4ng ngh\u1ec7 t\u1ea5m n\u1ec1n: IPS<br \/>\nPh\u00e2n gi\u1ea3i \u0111i\u1ec3m \u1ea3nh: FHD &#8211; 1920 x 1080<br \/>\nT\u1ea7n s\u1ed1 qu\u00e9t m\u00e0n: 100 Hz (Hertz)<br \/>\nTh\u1eddi gian \u0111\u00e1p \u1ee9ng: 5ms (GtG at Faster)<br \/>\nCh\u1ec9 s\u1ed1 m\u00e0u s\u1eafc: 16.7 tri\u1ec7u m\u00e0u &#8211; sRGB 99% (CIE1931) &#8211; 8 bits<br \/>\nH\u1ed7 tr\u1ee3 ti\u00eau chu\u1ea9n: VESA (100 mm x 100 mm) &#8211; AMD FreeSync<br \/>\nC\u1ed5ng c\u1eafm k\u1ebft n\u1ed1i: 1x D-Sub, 1x HDMI 1.4, 1&#215;3.5mm Audio Out<br \/>\nPh\u1ee5 ki\u1ec7n trong h\u1ed9p: D\u00e2y ngu\u1ed3n, D\u00e2y HDMI to HDMI<\/p>\n","protected":false},"excerpt":{"rendered":"<p>Ki\u1ec3u d\u00e1ng m\u00e0n h\u00ecnh: Ph\u1eb3ng T\u1ec9 l\u1ec7 khung h\u00ecnh: 16:9 K\u00edch th\u01b0\u1edbc m\u1eb7c \u0111\u1ecbnh: 27.0 inch C\u00f4ng ngh\u1ec7 t\u1ea5m n\u1ec1n: IPS Ph\u00e2n gi\u1ea3i \u0111i\u1ec3m \u1ea3nh: FHD &#8211; 1920 x 1080 T\u1ea7n s\u1ed1 qu\u00e9t m\u00e0n: 100 Hz (Hertz) Th\u1eddi gian \u0111\u00e1p \u1ee9ng: 5ms (GtG at Faster) Ch\u1ec9 s\u1ed1 m\u00e0u s\u1eafc: 16.7 tri\u1ec7u m\u00e0u &#8211; sRGB 99% [&#8230;]\n","protected":false},"featured_media":0,"comment_status":"open","ping_status":"closed","template":"","meta":{"_acf_changed":false},"product_brand":[],"product_cat":[15],"product_tag":[],"class_list":{"0":"post-481","1":"product","2":"type-product","3":"status-publish","5":"product_cat-laptop","7":"first","8":"outofstock","9":"shipping-taxable","10":"purchasable","11":"product-type-simple"},"acf":[],"_links":{"self":[{"href":"https:\/\/ktech7.k-tech-services.com\/info568\/wp-json\/wp\/v2\/product\/481","targetHints":{"allow":["GET"]}}],"collection":[{"href":"https:\/\/ktech7.k-tech-services.com\/info568\/wp-json\/wp\/v2\/product"}],"about":[{"href":"https:\/\/ktech7.k-tech-services.com\/info568\/wp-json\/wp\/v2\/types\/product"}],"replies":[{"embeddable":true,"href":"https:\/\/ktech7.k-tech-services.com\/info568\/wp-json\/wp\/v2\/comments?post=481"}],"wp:attachment":[{"href":"https:\/\/ktech7.k-tech-services.com\/info568\/wp-json\/wp\/v2\/media?parent=481"}],"wp:term":[{"taxonomy":"product_brand","embeddable":true,"href":"https:\/\/ktech7.k-tech-services.com\/info568\/wp-json\/wp\/v2\/product_brand?post=481"},{"taxonomy":"product_cat","embeddable":true,"href":"https:\/\/ktech7.k-tech-services.com\/info568\/wp-json\/wp\/v2\/product_cat?post=481"},{"taxonomy":"product_tag","embeddable":true,"href":"https:\/\/ktech7.k-tech-services.com\/info568\/wp-json\/wp\/v2\/product_tag?post=481"}],"curies":[{"name":"wp","href":"https:\/\/api.w.org\/{rel}","templated":true}]}}