{"id":472,"date":"2026-03-25T04:25:47","date_gmt":"2026-03-25T04:25:47","guid":{"rendered":"https:\/\/ktech7.k-tech-services.com\/info568\/?post_type=product&#038;p=472"},"modified":"2026-03-25T04:25:57","modified_gmt":"2026-03-25T04:25:57","slug":"man-hinh-lcd-huntkey-e2433f-23-8-inch-fhd-ips-100hz-5ms","status":"publish","type":"product","link":"https:\/\/ktech7.k-tech-services.com\/info568\/product\/man-hinh-lcd-huntkey-e2433f-23-8-inch-fhd-ips-100hz-5ms\/","title":{"rendered":"M\u00e0n h\u00ecnh LCD Huntkey E2433F (23.8 inch &#8211; FHD &#8211; IPS &#8211; 100Hz &#8211; 5ms)"},"content":{"rendered":"<p>Lo\u1ea1i m\u00e0n h\u00ecnh: M\u00e0n h\u00ecnh ph\u1eb3ng<br \/>\nK\u00edch th\u01b0\u1edbc: 23.8 inch<br \/>\n\u0110\u1ed9 ph\u00e2n gi\u1ea3i: FHD (1920&#215;1080)<br \/>\nT\u1ea5m n\u1ec1n: IPS<br \/>\n\u0110\u1ed9 s\u00e1ng: 250nits<br \/>\n\u0110\u1ed9 t\u01b0\u01a1ng ph\u1ea3n: 1200:1<br \/>\nT\u1ea7n s\u1ed1 qu\u00e9t: 100Hz<br \/>\nTh\u01a1\u0300i gian pha\u0309n h\u00f4\u0300i: 5ms<br \/>\nG\u00f3c nh\u00ecn: 178\u00b0 (H) \/ 178\u00b0 (V)<br \/>\nC\u1ed5ng k\u1ebft n\u1ed1i: VGA, HDMI <\/p>\n","protected":false},"excerpt":{"rendered":"<p>Lo\u1ea1i m\u00e0n h\u00ecnh: M\u00e0n h\u00ecnh ph\u1eb3ng K\u00edch th\u01b0\u1edbc: 23.8 inch \u0110\u1ed9 ph\u00e2n gi\u1ea3i: FHD (1920&#215;1080) T\u1ea5m n\u1ec1n: IPS \u0110\u1ed9 s\u00e1ng: 250nits \u0110\u1ed9 t\u01b0\u01a1ng ph\u1ea3n: 1200:1 T\u1ea7n s\u1ed1 qu\u00e9t: 100Hz Th\u01a1\u0300i gian pha\u0309n h\u00f4\u0300i: 5ms G\u00f3c nh\u00ecn: 178\u00b0 (H) \/ 178\u00b0 (V) C\u1ed5ng k\u1ebft n\u1ed1i: VGA, HDMI<\/p>\n","protected":false},"featured_media":0,"comment_status":"open","ping_status":"closed","template":"","meta":{"_acf_changed":false},"product_brand":[],"product_cat":[15],"product_tag":[],"class_list":{"0":"post-472","1":"product","2":"type-product","3":"status-publish","5":"product_cat-laptop","7":"first","8":"outofstock","9":"shipping-taxable","10":"purchasable","11":"product-type-simple"},"acf":[],"_links":{"self":[{"href":"https:\/\/ktech7.k-tech-services.com\/info568\/wp-json\/wp\/v2\/product\/472","targetHints":{"allow":["GET"]}}],"collection":[{"href":"https:\/\/ktech7.k-tech-services.com\/info568\/wp-json\/wp\/v2\/product"}],"about":[{"href":"https:\/\/ktech7.k-tech-services.com\/info568\/wp-json\/wp\/v2\/types\/product"}],"replies":[{"embeddable":true,"href":"https:\/\/ktech7.k-tech-services.com\/info568\/wp-json\/wp\/v2\/comments?post=472"}],"wp:attachment":[{"href":"https:\/\/ktech7.k-tech-services.com\/info568\/wp-json\/wp\/v2\/media?parent=472"}],"wp:term":[{"taxonomy":"product_brand","embeddable":true,"href":"https:\/\/ktech7.k-tech-services.com\/info568\/wp-json\/wp\/v2\/product_brand?post=472"},{"taxonomy":"product_cat","embeddable":true,"href":"https:\/\/ktech7.k-tech-services.com\/info568\/wp-json\/wp\/v2\/product_cat?post=472"},{"taxonomy":"product_tag","embeddable":true,"href":"https:\/\/ktech7.k-tech-services.com\/info568\/wp-json\/wp\/v2\/product_tag?post=472"}],"curies":[{"name":"wp","href":"https:\/\/api.w.org\/{rel}","templated":true}]}}