{"id":461,"date":"2026-03-25T04:25:46","date_gmt":"2026-03-25T04:25:46","guid":{"rendered":"https:\/\/ktech7.k-tech-services.com\/info568\/?post_type=product&#038;p=461"},"modified":"2026-03-25T04:25:49","modified_gmt":"2026-03-25T04:25:49","slug":"man-hinh-viewsonic-va270a-h-27inch-full-hd-1ms-120hz-250cd-m2-ips","status":"publish","type":"product","link":"https:\/\/ktech7.k-tech-services.com\/info568\/product\/man-hinh-viewsonic-va270a-h-27inch-full-hd-1ms-120hz-250cd-m2-ips\/","title":{"rendered":"M\u00e0n h\u00ecnh Viewsonic VA270A-H (27Inch\/ Full HD\/ 1ms\/ 120Hz\/ 250cd\/m2\/ IPS)"},"content":{"rendered":"<p>Nhu c\u1ea7u: M\u00e0n h\u00ecnh v\u0103n ph\u00f2ng<br \/>\nK\u00edch th\u01b0\u1edbc m\u00e0n h\u00ecnh: 27Inch<br \/>\n\u0110\u1ed9 ph\u00e2n gi\u1ea3i: Full HD (1920&#215;1080)<br \/>\nTh\u1eddi gian \u0111\u00e1p \u1ee9ng: 1ms<br \/>\nT\u1ea7n s\u1ed1 qu\u00e9t: 120Hz<br \/>\n\u0110\u1ed9 s\u00e1ng: 250cd\/m2<\/p>\n","protected":false},"excerpt":{"rendered":"<p>Nhu c\u1ea7u: M\u00e0n h\u00ecnh v\u0103n ph\u00f2ng K\u00edch th\u01b0\u1edbc m\u00e0n h\u00ecnh: 27Inch \u0110\u1ed9 ph\u00e2n gi\u1ea3i: Full HD (1920&#215;1080) Th\u1eddi gian \u0111\u00e1p \u1ee9ng: 1ms T\u1ea7n s\u1ed1 qu\u00e9t: 120Hz \u0110\u1ed9 s\u00e1ng: 250cd\/m2<\/p>\n","protected":false},"featured_media":0,"comment_status":"open","ping_status":"closed","template":"","meta":{"_acf_changed":false},"product_brand":[],"product_cat":[15],"product_tag":[],"class_list":{"0":"post-461","1":"product","2":"type-product","3":"status-publish","5":"product_cat-laptop","7":"first","8":"outofstock","9":"shipping-taxable","10":"purchasable","11":"product-type-simple"},"acf":[],"_links":{"self":[{"href":"https:\/\/ktech7.k-tech-services.com\/info568\/wp-json\/wp\/v2\/product\/461","targetHints":{"allow":["GET"]}}],"collection":[{"href":"https:\/\/ktech7.k-tech-services.com\/info568\/wp-json\/wp\/v2\/product"}],"about":[{"href":"https:\/\/ktech7.k-tech-services.com\/info568\/wp-json\/wp\/v2\/types\/product"}],"replies":[{"embeddable":true,"href":"https:\/\/ktech7.k-tech-services.com\/info568\/wp-json\/wp\/v2\/comments?post=461"}],"wp:attachment":[{"href":"https:\/\/ktech7.k-tech-services.com\/info568\/wp-json\/wp\/v2\/media?parent=461"}],"wp:term":[{"taxonomy":"product_brand","embeddable":true,"href":"https:\/\/ktech7.k-tech-services.com\/info568\/wp-json\/wp\/v2\/product_brand?post=461"},{"taxonomy":"product_cat","embeddable":true,"href":"https:\/\/ktech7.k-tech-services.com\/info568\/wp-json\/wp\/v2\/product_cat?post=461"},{"taxonomy":"product_tag","embeddable":true,"href":"https:\/\/ktech7.k-tech-services.com\/info568\/wp-json\/wp\/v2\/product_tag?post=461"}],"curies":[{"name":"wp","href":"https:\/\/api.w.org\/{rel}","templated":true}]}}