{"id":452,"date":"2026-03-25T04:25:35","date_gmt":"2026-03-25T04:25:35","guid":{"rendered":"https:\/\/ktech7.k-tech-services.com\/info568\/product\/nguon-may-tinh-huntkey-eco500\/"},"modified":"2026-03-25T04:25:35","modified_gmt":"2026-03-25T04:25:35","slug":"nguon-may-tinh-huntkey-eco500","status":"publish","type":"product","link":"https:\/\/ktech7.k-tech-services.com\/info568\/product\/nguon-may-tinh-huntkey-eco500\/","title":{"rendered":"Ngu\u1ed3n m\u00e1y t\u00ednh Huntkey ECO500"},"content":{"rendered":"<p>\u00ecnh tr\u1ea1ng: C\u00f2n h\u00e0ng<br \/>\nM\u00e3 s\u1ea3n ph\u1ea9m: \u0110ang c\u1eadp nh\u1eadt<br \/>\nTh\u01b0\u01a1ng hi\u1ec7u: Huntkey<br \/>\nD\u00f2ng s\u1ea3n ph\u1ea9m: Ngu\u1ed3n M\u00e1y T\u00ednh<\/p>\n","protected":false},"excerpt":{"rendered":"<p>\u00ecnh tr\u1ea1ng: C\u00f2n h\u00e0ng M\u00e3 s\u1ea3n ph\u1ea9m: \u0110ang c\u1eadp nh\u1eadt Th\u01b0\u01a1ng hi\u1ec7u: Huntkey D\u00f2ng s\u1ea3n ph\u1ea9m: Ngu\u1ed3n M\u00e1y T\u00ednh<\/p>\n","protected":false},"featured_media":0,"comment_status":"open","ping_status":"closed","template":"","meta":{"_acf_changed":false},"product_brand":[],"product_cat":[15],"product_tag":[],"class_list":{"0":"post-452","1":"product","2":"type-product","3":"status-publish","5":"product_cat-laptop","7":"first","8":"outofstock","9":"shipping-taxable","10":"purchasable","11":"product-type-simple"},"acf":[],"_links":{"self":[{"href":"https:\/\/ktech7.k-tech-services.com\/info568\/wp-json\/wp\/v2\/product\/452","targetHints":{"allow":["GET"]}}],"collection":[{"href":"https:\/\/ktech7.k-tech-services.com\/info568\/wp-json\/wp\/v2\/product"}],"about":[{"href":"https:\/\/ktech7.k-tech-services.com\/info568\/wp-json\/wp\/v2\/types\/product"}],"replies":[{"embeddable":true,"href":"https:\/\/ktech7.k-tech-services.com\/info568\/wp-json\/wp\/v2\/comments?post=452"}],"wp:attachment":[{"href":"https:\/\/ktech7.k-tech-services.com\/info568\/wp-json\/wp\/v2\/media?parent=452"}],"wp:term":[{"taxonomy":"product_brand","embeddable":true,"href":"https:\/\/ktech7.k-tech-services.com\/info568\/wp-json\/wp\/v2\/product_brand?post=452"},{"taxonomy":"product_cat","embeddable":true,"href":"https:\/\/ktech7.k-tech-services.com\/info568\/wp-json\/wp\/v2\/product_cat?post=452"},{"taxonomy":"product_tag","embeddable":true,"href":"https:\/\/ktech7.k-tech-services.com\/info568\/wp-json\/wp\/v2\/product_tag?post=452"}],"curies":[{"name":"wp","href":"https:\/\/api.w.org\/{rel}","templated":true}]}}