{"id":451,"date":"2026-03-25T04:25:35","date_gmt":"2026-03-25T04:25:35","guid":{"rendered":"https:\/\/ktech7.k-tech-services.com\/info568\/product\/nguon-hunkey-cp5000-hk500-57gp\/"},"modified":"2026-03-25T04:25:35","modified_gmt":"2026-03-25T04:25:35","slug":"nguon-hunkey-cp5000-hk500-57gp","status":"publish","type":"product","link":"https:\/\/ktech7.k-tech-services.com\/info568\/product\/nguon-hunkey-cp5000-hk500-57gp\/","title":{"rendered":"Ngu\u1ed3n Hunkey CP5000 (HK500-57GP)"},"content":{"rendered":"<p>+ \u0110i\u1ec7n \u00e1p \u0111\u1ea7u v\u00e0o: 220 \u2013 240V<br \/>\n+ C\u00f4ng su\u1ea5t t\u1ed1i \u0111a: 500W<br \/>\n+ K\u00edch th\u01b0\u1edbc qu\u1ea1t: 1 x 120mm<br \/>\n+ ph\u00e2n chia \u0111\u01b0\u1eddng +12V: Single Rail<br \/>\n+ C\u00f4ng su\u1ea5t c\u00e1c \u0111\u01b0\u1eddng: +3.3V@10A, +5V@10A, +12V@25A, -12V@0.3A, +5VSB@2A<br \/>\n+ s\u1ed1 l\u01b0\u1ee3ng cable k\u1ebft: 20+4P Mainboard Connector x1; 4+4P CPU Connector x1; 6P PCI-E Connector x1; SATA x3; HDD\/ODD x3;<br \/>\n+ K\u00edch th\u01b0\u1edbc: 190mm(L) x 150mm(W) x 86mm(H)<br \/>\n+ T\u00ednh n\u0103ng: Active FPC, T\u00ednh n\u0103ng \u0111i\u1ec1u ch\u1ec9nh h\u1ec7 s\u1ed1 c\u00f4ng su\u1ea5t ch\u1ee7 \u0111\u1ed9ng v\u1edbi h\u1ec7 s\u1ed1 c\u00f4ng su\u1ea5t cao >82%. C\u00f3 m\u1ea1ch t\u1ef1 \u0111\u1ed9ng \u0111i\u1ec1u khi\u1ec3n t\u1ed1c \u0111\u1ed9 quay c\u1ee7a qu\u1ea1t t\u00f9y v\u00e0o nhi\u1ec7t \u0111\u1ed9 l\u00e0m vi\u1ec7c c\u1ee7a m\u00e1y t\u00ednh.<\/p>\n","protected":false},"excerpt":{"rendered":"<p>+ \u0110i\u1ec7n \u00e1p \u0111\u1ea7u v\u00e0o: 220 \u2013 240V + C\u00f4ng su\u1ea5t t\u1ed1i \u0111a: 500W + K\u00edch th\u01b0\u1edbc qu\u1ea1t: 1 x 120mm + ph\u00e2n chia \u0111\u01b0\u1eddng +12V: Single Rail + C\u00f4ng su\u1ea5t c\u00e1c \u0111\u01b0\u1eddng: +3.3V@10A, +5V@10A, +12V@25A, -12V@0.3A, +5VSB@2A + s\u1ed1 l\u01b0\u1ee3ng cable k\u1ebft: 20+4P Mainboard Connector x1; 4+4P CPU Connector x1; 6P PCI-E Connector x1; [&#8230;]\n","protected":false},"featured_media":0,"comment_status":"open","ping_status":"closed","template":"","meta":{"_acf_changed":false},"product_brand":[],"product_cat":[15],"product_tag":[],"class_list":{"0":"post-451","1":"product","2":"type-product","3":"status-publish","5":"product_cat-laptop","7":"first","8":"outofstock","9":"shipping-taxable","10":"purchasable","11":"product-type-simple"},"acf":[],"_links":{"self":[{"href":"https:\/\/ktech7.k-tech-services.com\/info568\/wp-json\/wp\/v2\/product\/451","targetHints":{"allow":["GET"]}}],"collection":[{"href":"https:\/\/ktech7.k-tech-services.com\/info568\/wp-json\/wp\/v2\/product"}],"about":[{"href":"https:\/\/ktech7.k-tech-services.com\/info568\/wp-json\/wp\/v2\/types\/product"}],"replies":[{"embeddable":true,"href":"https:\/\/ktech7.k-tech-services.com\/info568\/wp-json\/wp\/v2\/comments?post=451"}],"wp:attachment":[{"href":"https:\/\/ktech7.k-tech-services.com\/info568\/wp-json\/wp\/v2\/media?parent=451"}],"wp:term":[{"taxonomy":"product_brand","embeddable":true,"href":"https:\/\/ktech7.k-tech-services.com\/info568\/wp-json\/wp\/v2\/product_brand?post=451"},{"taxonomy":"product_cat","embeddable":true,"href":"https:\/\/ktech7.k-tech-services.com\/info568\/wp-json\/wp\/v2\/product_cat?post=451"},{"taxonomy":"product_tag","embeddable":true,"href":"https:\/\/ktech7.k-tech-services.com\/info568\/wp-json\/wp\/v2\/product_tag?post=451"}],"curies":[{"name":"wp","href":"https:\/\/api.w.org\/{rel}","templated":true}]}}