{"id":447,"date":"2026-03-25T04:25:34","date_gmt":"2026-03-25T04:25:34","guid":{"rendered":"https:\/\/ktech7.k-tech-services.com\/info568\/?post_type=product&#038;p=447"},"modified":"2026-03-25T04:25:42","modified_gmt":"2026-03-25T04:25:42","slug":"chuot-khong-day-logitech-b175-den","status":"publish","type":"product","link":"https:\/\/ktech7.k-tech-services.com\/info568\/product\/chuot-khong-day-logitech-b175-den\/","title":{"rendered":"Chu\u1ed9t kh\u00f4ng d\u00e2y Logitech B175 (\u0110en)"},"content":{"rendered":"<p>K\u1ebft n\u1ed1i: Kh\u00f4ng d\u00e2y<br \/>\nChu\u1ea9n k\u1ebft n\u1ed1i: Wireless<br \/>\n\u0110\u1ed9 ph\u00e2n gi\u1ea3i t\u1ed1i \u0111a: 1000 DPI<br \/>\nLo\u1ea1i Pin: Pin AAA<br \/>\nTr\u1ecdng l\u01b0\u1ee3ng: 80 gram<br \/>\nM\u00e0u s\u1eafc: \u0110en<br \/>\nM\u00f4 t\u1ea3 kh\u00e1c: Thi\u1ebft k\u1ebf \u0111\u01a1n gi\u1ea3n, ph\u00f9 h\u1ee3p v\u1edbi c\u00f4ng vi\u1ec7c v\u0103n ph\u00f2ng. \u0110\u1ed9 ph\u00e2n gi\u1ea3i: 1000dpi. Th\u1eddi l\u01b0\u1ee3ng pin l\u00ean \u0111\u1ebfn 1 n\u0103m<\/p>\n","protected":false},"excerpt":{"rendered":"<p>K\u1ebft n\u1ed1i: Kh\u00f4ng d\u00e2y Chu\u1ea9n k\u1ebft n\u1ed1i: Wireless \u0110\u1ed9 ph\u00e2n gi\u1ea3i t\u1ed1i \u0111a: 1000 DPI Lo\u1ea1i Pin: Pin AAA Tr\u1ecdng l\u01b0\u1ee3ng: 80 gram M\u00e0u s\u1eafc: \u0110en M\u00f4 t\u1ea3 kh\u00e1c: Thi\u1ebft k\u1ebf \u0111\u01a1n gi\u1ea3n, ph\u00f9 h\u1ee3p v\u1edbi c\u00f4ng vi\u1ec7c v\u0103n ph\u00f2ng. \u0110\u1ed9 ph\u00e2n gi\u1ea3i: 1000dpi. Th\u1eddi l\u01b0\u1ee3ng pin l\u00ean \u0111\u1ebfn 1 n\u0103m<\/p>\n","protected":false},"featured_media":0,"comment_status":"open","ping_status":"closed","template":"","meta":{"_acf_changed":false},"product_brand":[],"product_cat":[15],"product_tag":[],"class_list":{"0":"post-447","1":"product","2":"type-product","3":"status-publish","5":"product_cat-laptop","7":"first","8":"outofstock","9":"shipping-taxable","10":"purchasable","11":"product-type-simple"},"acf":[],"_links":{"self":[{"href":"https:\/\/ktech7.k-tech-services.com\/info568\/wp-json\/wp\/v2\/product\/447","targetHints":{"allow":["GET"]}}],"collection":[{"href":"https:\/\/ktech7.k-tech-services.com\/info568\/wp-json\/wp\/v2\/product"}],"about":[{"href":"https:\/\/ktech7.k-tech-services.com\/info568\/wp-json\/wp\/v2\/types\/product"}],"replies":[{"embeddable":true,"href":"https:\/\/ktech7.k-tech-services.com\/info568\/wp-json\/wp\/v2\/comments?post=447"}],"wp:attachment":[{"href":"https:\/\/ktech7.k-tech-services.com\/info568\/wp-json\/wp\/v2\/media?parent=447"}],"wp:term":[{"taxonomy":"product_brand","embeddable":true,"href":"https:\/\/ktech7.k-tech-services.com\/info568\/wp-json\/wp\/v2\/product_brand?post=447"},{"taxonomy":"product_cat","embeddable":true,"href":"https:\/\/ktech7.k-tech-services.com\/info568\/wp-json\/wp\/v2\/product_cat?post=447"},{"taxonomy":"product_tag","embeddable":true,"href":"https:\/\/ktech7.k-tech-services.com\/info568\/wp-json\/wp\/v2\/product_tag?post=447"}],"curies":[{"name":"wp","href":"https:\/\/api.w.org\/{rel}","templated":true}]}}