{"id":443,"date":"2026-03-25T04:25:33","date_gmt":"2026-03-25T04:25:33","guid":{"rendered":"https:\/\/ktech7.k-tech-services.com\/info568\/?post_type=product&#038;p=443"},"modified":"2026-03-25T04:25:40","modified_gmt":"2026-03-25T04:25:40","slug":"nguon-may-tinh-cooler-master-mwe-850w-gold-v3-cap-lien-atx-3-1-mpe-8506-acag-beu","status":"publish","type":"product","link":"https:\/\/ktech7.k-tech-services.com\/info568\/product\/nguon-may-tinh-cooler-master-mwe-850w-gold-v3-cap-lien-atx-3-1-mpe-8506-acag-beu\/","title":{"rendered":"Ngu\u1ed3n m\u00e1y t\u00ednh Cooler Master MWE 850W Gold V3 | C\u00e1p li\u1ec1n, ATX 3.1 (MPE-8506-ACAG-BEU)"},"content":{"rendered":"<p>    C\u00f4ng su\u1ea5t: 850W<br \/>\n    Chu\u1ea9n ngu\u1ed3n: ATX 12V Version 3.1<br \/>\n    Ch\u1ee9ng nh\u1eadn hi\u1ec7u su\u1ea5t: 80 PLUS Gold<br \/>\n    Qu\u1ea1t t\u1ea3n nhi\u1ec7t: 120mm, v\u00f2ng bi HDB, t\u1ed1c \u0111\u1ed9 2400 RPM<br \/>\n    K\u1ebft n\u1ed1i VGA: H\u1ed7 tr\u1ee3 12V-2&#215;6 (12+4 Pin) chu\u1ea9n m\u1edbi<br \/>\n    \u0110\u1ea7u c\u1ea5p \u0111i\u1ec7n: 1 x ATX 24 Pin, 2 x EPS 8 Pin, 4 x PCI-e 6+2 Pin<br \/>\n    B\u1ea3o v\u1ec7: UVP \/ OVP \/ OPP \/ OTP \/ SCP \/ OCP<\/p>\n","protected":false},"excerpt":{"rendered":"<p>C\u00f4ng su\u1ea5t: 850W Chu\u1ea9n ngu\u1ed3n: ATX 12V Version 3.1 Ch\u1ee9ng nh\u1eadn hi\u1ec7u su\u1ea5t: 80 PLUS Gold Qu\u1ea1t t\u1ea3n nhi\u1ec7t: 120mm, v\u00f2ng bi HDB, t\u1ed1c \u0111\u1ed9 2400 RPM K\u1ebft n\u1ed1i VGA: H\u1ed7 tr\u1ee3 12V-2&#215;6 (12+4 Pin) chu\u1ea9n m\u1edbi \u0110\u1ea7u c\u1ea5p \u0111i\u1ec7n: 1 x ATX 24 Pin, 2 x EPS 8 Pin, 4 x PCI-e 6+2 Pin [&#8230;]\n","protected":false},"featured_media":0,"comment_status":"open","ping_status":"closed","template":"","meta":{"_acf_changed":false},"product_brand":[],"product_cat":[15],"product_tag":[],"class_list":{"0":"post-443","1":"product","2":"type-product","3":"status-publish","5":"product_cat-laptop","7":"first","8":"outofstock","9":"shipping-taxable","10":"purchasable","11":"product-type-simple"},"acf":[],"_links":{"self":[{"href":"https:\/\/ktech7.k-tech-services.com\/info568\/wp-json\/wp\/v2\/product\/443","targetHints":{"allow":["GET"]}}],"collection":[{"href":"https:\/\/ktech7.k-tech-services.com\/info568\/wp-json\/wp\/v2\/product"}],"about":[{"href":"https:\/\/ktech7.k-tech-services.com\/info568\/wp-json\/wp\/v2\/types\/product"}],"replies":[{"embeddable":true,"href":"https:\/\/ktech7.k-tech-services.com\/info568\/wp-json\/wp\/v2\/comments?post=443"}],"wp:attachment":[{"href":"https:\/\/ktech7.k-tech-services.com\/info568\/wp-json\/wp\/v2\/media?parent=443"}],"wp:term":[{"taxonomy":"product_brand","embeddable":true,"href":"https:\/\/ktech7.k-tech-services.com\/info568\/wp-json\/wp\/v2\/product_brand?post=443"},{"taxonomy":"product_cat","embeddable":true,"href":"https:\/\/ktech7.k-tech-services.com\/info568\/wp-json\/wp\/v2\/product_cat?post=443"},{"taxonomy":"product_tag","embeddable":true,"href":"https:\/\/ktech7.k-tech-services.com\/info568\/wp-json\/wp\/v2\/product_tag?post=443"}],"curies":[{"name":"wp","href":"https:\/\/api.w.org\/{rel}","templated":true}]}}