{"id":442,"date":"2026-03-25T04:25:33","date_gmt":"2026-03-25T04:25:33","guid":{"rendered":"https:\/\/ktech7.k-tech-services.com\/info568\/?post_type=product&#038;p=442"},"modified":"2026-03-25T04:25:38","modified_gmt":"2026-03-25T04:25:38","slug":"nguon-may-tinh-cooler-master-elite-nex-n500-230v-500w-mpw-5001-acbn-b","status":"publish","type":"product","link":"https:\/\/ktech7.k-tech-services.com\/info568\/product\/nguon-may-tinh-cooler-master-elite-nex-n500-230v-500w-mpw-5001-acbn-b\/","title":{"rendered":"Ngu\u1ed3n m\u00e1y t\u00ednh Cooler Master ELITE NEX N500 230V 500W (MPW-5001-ACBN-B)"},"content":{"rendered":"<p> C\u00f4ng su\u1ea5t: 500w Ch\u1ee9ng nh\u1eadn: None 80 PLUS Chu\u1ea9n ngu\u1ed3n: ATX K\u00edch th\u01b0\u1edbc: 140 x 150 x 86 mm Fan 12cm, 1 x ATX 24 Pin, 1 x EPS (4+4) Pin, 5 x SATA, 3 x Peripheral 4 Pin, 2 x PCI-e (6+2) Pin ErP 2014 Lot 3<\/p>\n","protected":false},"excerpt":{"rendered":"<p>C\u00f4ng su\u1ea5t: 500w Ch\u1ee9ng nh\u1eadn: None 80 PLUS Chu\u1ea9n ngu\u1ed3n: ATX K\u00edch th\u01b0\u1edbc: 140 x 150 x 86 mm Fan 12cm, 1 x ATX 24 Pin, 1 x EPS (4+4) Pin, 5 x SATA, 3 x Peripheral 4 Pin, 2 x PCI-e (6+2) Pin ErP 2014 Lot 3<\/p>\n","protected":false},"featured_media":0,"comment_status":"open","ping_status":"closed","template":"","meta":{"_acf_changed":false},"product_brand":[],"product_cat":[15],"product_tag":[],"class_list":{"0":"post-442","1":"product","2":"type-product","3":"status-publish","5":"product_cat-laptop","7":"first","8":"outofstock","9":"shipping-taxable","10":"purchasable","11":"product-type-simple"},"acf":[],"_links":{"self":[{"href":"https:\/\/ktech7.k-tech-services.com\/info568\/wp-json\/wp\/v2\/product\/442","targetHints":{"allow":["GET"]}}],"collection":[{"href":"https:\/\/ktech7.k-tech-services.com\/info568\/wp-json\/wp\/v2\/product"}],"about":[{"href":"https:\/\/ktech7.k-tech-services.com\/info568\/wp-json\/wp\/v2\/types\/product"}],"replies":[{"embeddable":true,"href":"https:\/\/ktech7.k-tech-services.com\/info568\/wp-json\/wp\/v2\/comments?post=442"}],"wp:attachment":[{"href":"https:\/\/ktech7.k-tech-services.com\/info568\/wp-json\/wp\/v2\/media?parent=442"}],"wp:term":[{"taxonomy":"product_brand","embeddable":true,"href":"https:\/\/ktech7.k-tech-services.com\/info568\/wp-json\/wp\/v2\/product_brand?post=442"},{"taxonomy":"product_cat","embeddable":true,"href":"https:\/\/ktech7.k-tech-services.com\/info568\/wp-json\/wp\/v2\/product_cat?post=442"},{"taxonomy":"product_tag","embeddable":true,"href":"https:\/\/ktech7.k-tech-services.com\/info568\/wp-json\/wp\/v2\/product_tag?post=442"}],"curies":[{"name":"wp","href":"https:\/\/api.w.org\/{rel}","templated":true}]}}