{"id":371,"date":"2026-03-25T04:24:56","date_gmt":"2026-03-25T04:24:56","guid":{"rendered":"https:\/\/ktech7.k-tech-services.com\/info568\/product\/o-cung-ssd-kingston-kc3000-512gb-nvme-pcie-gen-4-0-skc3000s-512g\/"},"modified":"2026-03-25T04:24:56","modified_gmt":"2026-03-25T04:24:56","slug":"o-cung-ssd-kingston-kc3000-512gb-nvme-pcie-gen-4-0-skc3000s-512g","status":"publish","type":"product","link":"https:\/\/ktech7.k-tech-services.com\/info568\/product\/o-cung-ssd-kingston-kc3000-512gb-nvme-pcie-gen-4-0-skc3000s-512g\/","title":{"rendered":"\u1ed4 c\u1ee9ng SSD Kingston KC3000 512GB NVMe PCIe Gen 4.0 ( SKC3000S\/512G )"},"content":{"rendered":"<p>K\u00edch th\u01b0\u1edbc: M.2 2280<br \/>\nGiao di\u1ec7n: PCIe 4.0 NVMe<br \/>\nDung l\u01b0\u1ee3ng: 512GB<br \/>\nT\u1ed1c \u0111\u1ed9 \u0111\u1ecdc\/ghi ( t\u1ed1i \u0111a ): 7.000MB\/s &#8211; 3.900MB\/s<br \/>\n\u0110\u1ecdc \/ ghi 4K ng\u1eabu nhi\u00ean ( t\u1ed1i \u0111a ): l\u00ean \u0111\u1ebfn 450.000 \/ 900.000 IOPS<br \/>\nTBW: 400TBW<\/p>\n","protected":false},"excerpt":{"rendered":"<p>K\u00edch th\u01b0\u1edbc: M.2 2280 Giao di\u1ec7n: PCIe 4.0 NVMe Dung l\u01b0\u1ee3ng: 512GB T\u1ed1c \u0111\u1ed9 \u0111\u1ecdc\/ghi ( t\u1ed1i \u0111a ): 7.000MB\/s &#8211; 3.900MB\/s \u0110\u1ecdc \/ ghi 4K ng\u1eabu nhi\u00ean ( t\u1ed1i \u0111a ): l\u00ean \u0111\u1ebfn 450.000 \/ 900.000 IOPS TBW: 400TBW<\/p>\n","protected":false},"featured_media":0,"comment_status":"open","ping_status":"closed","template":"","meta":{"_acf_changed":false},"product_brand":[],"product_cat":[15],"product_tag":[],"class_list":{"0":"post-371","1":"product","2":"type-product","3":"status-publish","5":"product_cat-laptop","7":"first","8":"outofstock","9":"shipping-taxable","10":"purchasable","11":"product-type-simple"},"acf":[],"_links":{"self":[{"href":"https:\/\/ktech7.k-tech-services.com\/info568\/wp-json\/wp\/v2\/product\/371","targetHints":{"allow":["GET"]}}],"collection":[{"href":"https:\/\/ktech7.k-tech-services.com\/info568\/wp-json\/wp\/v2\/product"}],"about":[{"href":"https:\/\/ktech7.k-tech-services.com\/info568\/wp-json\/wp\/v2\/types\/product"}],"replies":[{"embeddable":true,"href":"https:\/\/ktech7.k-tech-services.com\/info568\/wp-json\/wp\/v2\/comments?post=371"}],"wp:attachment":[{"href":"https:\/\/ktech7.k-tech-services.com\/info568\/wp-json\/wp\/v2\/media?parent=371"}],"wp:term":[{"taxonomy":"product_brand","embeddable":true,"href":"https:\/\/ktech7.k-tech-services.com\/info568\/wp-json\/wp\/v2\/product_brand?post=371"},{"taxonomy":"product_cat","embeddable":true,"href":"https:\/\/ktech7.k-tech-services.com\/info568\/wp-json\/wp\/v2\/product_cat?post=371"},{"taxonomy":"product_tag","embeddable":true,"href":"https:\/\/ktech7.k-tech-services.com\/info568\/wp-json\/wp\/v2\/product_tag?post=371"}],"curies":[{"name":"wp","href":"https:\/\/api.w.org\/{rel}","templated":true}]}}